 m(l) = -8*l - 880 - 7*l**2 + 42*l**2 + 880. List the prime factors of m(5).
5, 167
Suppose -s - 30 = -178. Suppose p - 13 = -85. Let d = p + s. What are the prime factors of d?
2, 19
Suppose 0 = -c - 6*c - 14. Let o be c/(-3)*-15*(-4)/10. Suppose -o*f + f + 239 = 2*r, -f = r - 79. List the prime factors of f.
3
Let y = 8515 - 5827. List the prime factors of y.
2, 3, 7
Let o be 4/((-16)/(-2390))*200/(-125). Let u = o + 1550. What are the prime factors of u?
2, 3, 11
Let i = 42341 - 28039. List the prime factors of i.
2, 7151
Let f(q) = -q**3 + 25*q**2 + 40*q + 18. Let n be f(19). Let z = -1970 + n. What are the prime factors of z?
2, 487
Let p be (-4)/14 + (4 - 111/(-21)). Suppose 2*z - 112 = p*z. List the prime factors of z/32 - (-389)/2.
2, 97
Let x(q) = 27*q**3 + q**2 - q - 1. Let w be x(1). Suppose -w*a = -10*a - 1152. Suppose -n + a = -122. List the prime factors of n.
2, 97
Let s be (-744)/10 - 6/(-15). Suppose -21*h + 14*h = 1008. Let v = s - h. List the prime factors of v.
2, 5, 7
Let i = -40322 - -67963. What are the prime factors of i?
131, 211
Let q(u) = 56801*u**3 - 74*u**2 + 73*u. What are the prime factors of q(1)?
2, 5, 71
Let n = 21 - 16. Suppose 4*c - 5*w = -6, -n*c + 3*w + 4 = 5. Suppose 5*i = 2*s + 303, s - c = -i + 61. What are the prime factors of i?
61
What are the prime factors of 3202*2 - 4*48/(-64)?
43, 149
Let y(i) be the first derivative of -2*i**4/3 + i**3/2 + 7*i**2 - 7. Let u(v) be the second derivative of y(v). List the prime factors of u(-2).
5, 7
Let b(m) = 11*m**3 - m**2 - m - 34. Suppose -3*k = -12*i + 15*i - 27, 3*i = 12. What are the prime factors of b(k)?
3, 19, 23
Suppose -5*s + 20 = -2*l - 0, 5 = 5*s + l. Suppose s*c + 24 = 102. Let g = 66 - c. What are the prime factors of g?
3
Suppose 0 = -4*b + 3*z + 6, -5*b - 3*z - 3 - 3 = 0. Suppose b = 9*v + 2*v - 2629. List the prime factors of v.
239
Let x be 6 - (-42 + (-5 - -11)). What are the prime factors of 402*7/(x/16)?
2, 67
Let a(q) = -q**3 + 36*q**2 + 91*q - 20. What are the prime factors of a(38)?
2, 5, 11
Let f = -965 + 970. Suppose -496 - 1429 = -q + m, -25 = f*m. List the prime factors of q.
2, 3, 5
Suppose -5*u = -0*u - 10. Suppose 4*k + 5*j + 406 = 2303, 5*k - 2350 = -u*j. Suppose -20 = 5*t, -4*h - 3*t - 24 = -k. List the prime factors of h.
2, 3, 19
Let j(y) = 604*y**2 - 29*y + 65. List the prime factors of j(3).
2, 2707
Let h be 13/((-78)/(-1160))*15. Suppose 1126 = 11*p - h. List the prime factors of p.
2, 3, 61
Let p(c) = 6*c**2 + 136*c - 5640. What are the prime factors of p(49)?
2, 5, 1543
Let x = 997 + -229. What are the prime factors of x?
2, 3
Let g be (-12880)/966*(-34 - ((-2)/(-4))/1). Suppose 2*i + d - 232 - 318 = 0, 2*d + 1357 = 5*i. Let y = g - i. List the prime factors of y.
11, 17
Suppose 3*x - 646 - 200 = 0. Suppose 8*f - x - 1670 = 0. What are the prime factors of f?
2, 61
Let i(d) = 304*d**3 - 6*d**2 + 6*d + 4. Let v be i(3). Suppose -6*w + v = 8*w. What are the prime factors of w?
2, 73
Let n(b) = -860*b - 2157. List the prime factors of n(-22).
16763
Suppose 120 = -3*r + 3*q, 5*r + 3*q = q - 221. Let k(i) = -18*i + 48. Let j be k(4). Let n = j - r. What are the prime factors of n?
19
Let b(s) = 2*s**3 - 52*s**2 - 46*s + 168. List the prime factors of b(36).
2, 3, 509
Suppose 0 = 2*b + 1 - 3, 0 = 4*g + b - 29. Let r(m) = -7*m + 191. What are the prime factors of r(g)?
2, 71
Let l = -1952 + 9341. List the prime factors of l.
3, 821
Let y(z) = z**3 - 17*z**2 + 16*z + 20. Let f be y(12). Let o = f + 866. List the prime factors of o.
2, 179
Let s be (-5)/2*84/(-7). Suppose -6427 + 35677 = s*f. List the prime factors of f.
3, 5, 13
Let s be (-8)/6 - (-420)/(-9). List the prime factors of ((-5)/(35/(-72)))/(s/(-1120)).
2, 3, 5
Suppose 0 = -2*v - 4*t + 102, t - 3*t - 8 = 0. Suppose 0 = 64*x - v*x - 1475. List the prime factors of x.
5, 59
Let o = 5356 + 1312. What are the prime factors of o?
2, 1667
Let v(r) = -21*r**2 + r + 29. Let m be v(5). What are the prime factors of (0 - m)*(-16 - (19 + -38))?
3, 491
Suppose -2*y + 5*y - 15 = 0. Suppose -7*s + 9 + 5 = 0. Suppose -s*q - x + 29 = 0, -4*q + 23 = -0*q - y*x. What are the prime factors of q?
2, 3
Let q(m) = 8*m**3 + 3*m**2 + 9*m + 12. Let c be q(5). Suppose 1577 = 3*j - c. Suppose -j = -7*n - 210. What are the prime factors of n?
3, 11
Suppose 0 = -4*j + 2*w + 3 + 121, -4*j + 3*w = -120. Suppose j*g - 5494 - 12293 = 0. What are the prime factors of g?
7, 11
Let p(j) = -134*j - 89. Let t be p(-8). Let c = -162 + t. List the prime factors of c.
821
Let u = 7420 + 7106. What are the prime factors of u?
2, 3, 269
Suppose 13*j + 0*j - 962 = 0. Suppose -3*w + 5*b = -189, 3*b - 239 = -3*w - j. Let d = w + 1. What are the prime factors of d?
59
Let z(p) = -5*p + 19. Let u be z(-9). Suppose -4*f - f + 590 = -5*r, 4*f = -4*r + 440. Let m = f - u. List the prime factors of m.
2, 5
Let z(k) = 3790*k + 17370. What are the prime factors of z(17)?
2, 5, 409
Let x(c) = 20*c - 150. Let f be x(12). List the prime factors of f/105 - (-2829)/7.
3, 5
Let a = -2 + 2. Suppose a = -4*f - 3*t + 13, 5*t + 1 - 4 = -4*f. Let j(b) = 13*b - 13. What are the prime factors of j(f)?
2, 3, 13
Let k = 147 - 139. Let y(m) = 51*m - 16 - k - 17*m - 8. List the prime factors of y(8).
2, 3, 5
Let z = 66374 + -43557. List the prime factors of z.
22817
Suppose -3*f = 0, 3*f = -3*k - 2*f + 3810. Suppose 307 = z + 4*s, 3*z + 2*s - k = -z. What are the prime factors of z?
11, 29
Suppose 0 = 21*b + 107 - 716. Suppose 0 = 2*r - 24*a + b*a - 1496, -5*a = -4*r + 3052. List the prime factors of r.
2, 379
Suppose -14*k - 13 + 97 = 0. Suppose -4*z - 1 = -3*z. Let x = z + k. List the prime factors of x.
5
Suppose -3*j = r - 15888, 4*j = -65*r + 67*r - 31786. List the prime factors of r.
3, 5297
Let z = -18 + 9. Let t(u) = 13*u**2 + 4*u - 11. Let w be t(z). Suppose 4*v = 4*k - 792, -3*v + w = 3*k + 2*k. List the prime factors of k.
2, 5
Suppose 309*y = 127*y + 3128762. List the prime factors of y.
17191
Let a be 3/5*-5 - -6243. Suppose 3555 = 5*u - a. What are the prime factors of u?
3, 653
Let p = 10701 + -3554. What are the prime factors of p?
7, 1021
Let j be (-1)/((-3)/(-2) - (-1 + 3)). Suppose j*y = -266 - 22. List the prime factors of 3*(42/(-8))/(y/2176).
2, 7, 17
Suppose 0 = 342*p - 336*p + 612. What are the prime factors of 2/(-11) - p*(-4927)/(-286)?
7, 251
Let f(l) = l**3 - 15*l**2 + 30*l + 4. Suppose 65 = -9*g + 14*g. Let n be f(g). Let a = n - -9. List the prime factors of a.
5, 13
Suppose 2*k + 4*t = 165 + 247, -k = 3*t - 205. Suppose -c + 222 = -2*p - 3*c, -4*c - 224 = 2*p. Let g = p + k. What are the prime factors of g?
2, 7
Let m(f) = 8*f + 24. Let j(c) = -7*c - 25. Let t(k) = -5*j(k) - 4*m(k). Let z be t(-9). List the prime factors of 14/(-8)*(-2 + -24)*z.
7, 13
Let y = 26 - 12. Let d be (((-8)/y)/1)/(20/(-70)). Suppose 0 = -5*l - z + 543, 531 = 5*l - z - d*z. List the prime factors of l.
2, 3
Suppose 0 = 4*v - 5*z - 89, 0 = 2*v + 2*z + 3*z - 37. List the prime factors of (v - (0 - 1))*9.
2, 3, 11
Let z be 40/(-18) + 2 - 4728/108. List the prime factors of 122 - (159/(-33) - (-8)/z).
127
Let o(a) = -10120*a**3 + 2*a**2 - 46*a - 48. List the prime factors of o(-1).
2, 5, 11, 23
Let c(w) = -w**2 - 9*w - 11. Let m be c(-8). Let l be (-3 - 6/m)/(-1). What are the prime factors of 17/34 + l + (-78)/(-4)?
3, 7
Let v(l) = -10 - 12*l + 19*l + 2*l**3 + 4*l**2 - 18*l. Let m be v(-5). Let i = m + 289. List the prime factors of i.
2, 23
Let v(a) be the third derivative of -a**6/120 + a**5/5 + a**4/2 - 37*a**3/6 + 2*a**2 - 60*a. What are the prime factors of v(11)?
2, 3
Suppose -676 = -g - 5*m + 423, 3*g = 3*m + 3369. Let s = g + -529. What are the prime factors of s?
2, 5, 59
Let h be ((-81207)/(-81))/7 + 4/(-18). Suppose -9*w + 10*w - h = 0. What are the prime factors of w?
11, 13
Let r = 11431 + 34443. What are the prime factors of r?
2, 22937
Let l(t) be the second derivative of -t**5/20 - t**4/6 + t**3/2 - 3*t**2/2 - 16*t. Let a be l(2). What are the prime factors of (5*a)/(-1 + (-9)/(-12))?
2, 5, 13
Suppose 3*h - 6357 = 5*c, 5*h + 3*c + 10595 = 10*h. Suppose 5*o - 698 = 4*o - 3*a, 4*a - h = -3*o. List the prime factors of o.
23, 31
Suppose 2*q + 3*q + 23 = -c, -5*c - 89 = -q. Let g(n) = n**2 + 18*n + 8. Let k be g(c). Su